+ 416 = 2*p + 3*y, -p = 4*y - 1119. What is the hundreds digit of p?
1
Suppose 3*r = 2*v - 1164, -2*r + 3*r = 2*v - 1168. Suppose -6*o + 10077 - v = 0. What is the units digit of o?
2
Let m = 1734 - 582. What is the units digit of (1 - 0)*m/(3 - 0)?
4
Let u(q) = -q**2 + 13*q - 32. Let a be u(10). Let d(s) = s**3 + 4*s**2 - 5*s**3 - 2*s**2 - 3 - 2*s**3 - 3*s. What is the units digit of d(a)?
9
Let b be (505/3 - 2) + (-4)/3. What is the units digit of b + 5/5 + -5?
1
Let x(w) = 297*w**2 + 2*w - 15. Let r(i) = 298*i**2 + 4*i - 15. Let u(f) = -5*r(f) + 6*x(f). What is the thousands digit of u(-2)?
1
Suppose 164*s - 159*s - 33215 = 0. What is the units digit of s?
3
Suppose -4*o + 1 + 7 = 2*t, 4*t - 16 = -5*o. Suppose 2*l - l = -3, t*l + 428 = 4*v. Suppose -v*p = -100*p - 472. What is the hundreds digit of p?
1
Suppose 0 = -3*p + 4*x - 5 + 55, 3*p = 3*x + 45. Let o(h) = h**3 - 9*h**2 + 7*h + 20. What is the tens digit of o(p)?
9
Let t = -134 - -135. What is the units digit of (-204)/8*(-12)/(2 - t)?
6
Suppose -32 = -14*f + 6*f. Suppose 60 = -5*g - 5*o - 30, 5*g - f*o = -54. What is the units digit of (207/(-2))/(7/g)?
7
Let w(f) = -101*f**2 - 10*f + 18. Let h(y) = -y - 1. Let a(n) = -h(n) - w(n). What is the units digit of a(2)?
9
Let o be -2*(-1 - 3795/10). Let r = o + -463. What is the tens digit of r?
9
Suppose -u + 17577 = 5*a, 996*u = 995*u - 3. What is the thousands digit of a?
3
Suppose -3*m = -5*a + 4400, 5*a + 2*m = 989 + 3411. What is the units digit of a?
0
Let g = 138 + -203. What is the units digit of (-3)/(-5) + (-16016)/g?
7
Suppose 4*v = -4*c + 1220, -2*v - 11 + 5 = 0. Let u = 717 - c. What is the units digit of u?
9
Let u(y) = -40*y + 91*y - 37*y - 31*y + 1. Suppose -n + 22 = -3*n. What is the hundreds digit of u(n)?
1
Suppose -2*x - 239 = -41. Suppose -4*l + 279 - 263 = 0, 0 = 4*u - 4*l - 648. Let t = u + x. What is the tens digit of t?
6
Let l be 14/21*312/2. Suppose b = 5*h + 432 + l, 0 = -2*b + 5*h + 1077. What is the hundreds digit of b?
5
Let z(x) = 26*x**2 + 13*x - 43. Let o be z(9). Suppose 20*k = 15*k + o. What is the hundreds digit of k?
4
Suppose -5*k + 1420 = 4*f, -18*f - 4*k = -21*f + 1034. Suppose -13*s + 12375 - f = 0. What is the tens digit of s?
2
Let n(z) = z**3 - 26*z**2 - 54*z - 15. Let j be n(28). Suppose 29*q = j*q - 9984. What is the units digit of q?
2
Let q(l) = -2*l**3 - 11*l**2 - 11*l + 45. What is the hundreds digit of q(-9)?
7
Let q(j) = -367 + 17*j + 167 + 128. What is the units digit of q(23)?
9
Let d(g) = -1679*g**3 - 5*g**2 - 6*g - 3. Let q be d(-1). What is the hundreds digit of (1 - -1)/(26/q)?
1
Suppose -145*s = -26*s - 255255. What is the units digit of s?
5
Let y(z) = -z - 11. Let v be y(-14). Let q be (4 - 1)/(v - 27/12). Suppose -105 = -2*f + 5*w, -q*f + 216 = -2*w - 2*w. What is the tens digit of f?
5
Suppose -6*s = -3*r + 3*s + 57585, 28 = -4*s. What is the tens digit of r?
7
Suppose -a = -4*v - 49, v = -2*a - 0 - 1. Let i(b) = b - 10. Let j be i(12). What is the units digit of (v/j)/(3/(-18))?
3
Suppose 21 = -4*a - 7. Let l = -5 - a. Suppose 0 = l*z - 171 - 123. What is the hundreds digit of z?
1
Let i = -6229 - -8139. What is the tens digit of i?
1
Let m be 517/(-3) - 84/126. Let s = 516 + m. What is the tens digit of s?
4
Suppose 33*t - 22223 = 29*t - n, -n = 5*t - 27778. What is the units digit of t?
5
Suppose 2*u = -2*x - 1 - 1, -10 = -5*x - 2*u. What is the hundreds digit of ((-10)/x)/((-42)/2940)?
1
Let b(l) = -1485*l - 6949. What is the units digit of b(-36)?
1
Let r(m) = 3*m**2 - m. Let p be (-13)/(-4) - (2 + 35/(-20)). Suppose p*z - 25 = -34. What is the units digit of r(z)?
0
Suppose 5*a = 3*x - 990 - 2398, -3*x - 5*a + 3428 = 0. Suppose -1069 = -5*b + x. What is the hundreds digit of b?
4
What is the thousands digit of 12018 + 66/10 + (-10)/(-25)?
2
Suppose -79 = -q + 2*u, -3*q + 71 = -2*q + 2*u. Let b = 196 - q. What is the tens digit of b?
2
Let q = -1784 - -1231. Let j = q + 853. Suppose 3*f = 5*k + 246 + j, -5*f = 4*k - 947. What is the units digit of f?
7
Let r = 83 - 53. Let w be ((-8)/(-10))/(-2 + 48/r). What is the tens digit of w/((-6)/93 - 0)?
3
Suppose v + 3*v = 68. Suppose -l - 3*q - 37 = -3*l, 3*q + v = l. What is the units digit of l/(20/5) + 4?
9
Let r(t) = -t**3 + 10*t**2 + 2*t + 8. Let u = 141 - 134. What is the tens digit of r(u)?
6
Let o be 16670/60 + 1/6. Suppose -o = 2*h - 0*h. Let r = 200 + h. What is the units digit of r?
1
Suppose 30*f = 24*f + 10836. Suppose -4*v = 3*o - f, 328 = 2*v + 5*o - 568. What is the hundreds digit of v?
4
What is the units digit of 93/62*(-1 + 5) + 73324 + 20?
0
Suppose 39587 = 26*d - 175901. What is the tens digit of d?
8
Let s be (2570/25)/(1/15). Suppose -4*u + s - 18 = 0. What is the units digit of u?
1
Suppose 3*s + 2*x - 64690 = 0, 53*x + 21575 = s + 52*x. What is the tens digit of s?
6
Suppose 40*w = 35*w + 60. Suppose 20 = 2*k + w. What is the units digit of 2/k - (-18)/4?
5
What is the ten thousands digit of (1469/65 + -17)/(2/4385)?
1
Let x be ((8 + -11)/(-9))/((-2)/14766). Let r = -647 - x. What is the thousands digit of r?
1
Let m be (-300)/(-250) + (-234)/(-5). What is the tens digit of m/112 + 6672/14?
7
Let w = 8 - 24. Let a = w - -18. Suppose 5*b = -4*i + 331, 2*b - 3*i + a*i - 135 = 0. What is the tens digit of b?
6
Let t(z) = z**2 - 16*z + 46. Let p be t(8). What is the thousands digit of 108/(-24)*7356/p?
1
Let o be (-318)/9 - -6 - (-8)/6. What is the tens digit of ((-10)/(-75) - o/15) + 174?
7
Suppose -2*h + 104506 = -5*l, 2*h - 2*l - l = 104498. What is the tens digit of h?
4
Let c(f) = f**3 - 2*f**2 + 8*f - 5. Let j be c(3). What is the units digit of (3156/(-21))/((-8)/j)?
6
Let p(b) = b + 16. Let v be p(-12). Suppose 0 = -5*u - 4*x + x + 394, -2*u = 4*x - 166. Suppose -v*a = -u - 1079. What is the hundreds digit of a?
2
Let i(o) = 335*o + 126. Let l be i(-4). Let m = 773 - l. What is the hundreds digit of m?
9
Suppose 16*i - 646 = 14*i + 2*q, -5*q = -2*i + 658. What is the units digit of i?
9
Suppose -2*w - 4 = -2*q, 11*w + 10 = 3*q + 9*w. What is the hundreds digit of (q/4*-1)/((-14)/7224)?
7
What is the units digit of ((-460)/24*-3)/((-2)/(-5472)*12)?
0
Suppose 13 = 282*g - 295*g. What is the hundreds digit of ((-18)/27)/(g/1602)?
0
Suppose 58 = -2*o - 3*f, -o + 80 = -4*o - f. Let x(r) = r**2 + 26*r + 8. What is the units digit of x(o)?
8
Suppose 2*w - 6 = d + 42, 5*d - 10 = 0. Let h(c) = c**2 - 6*c - 68. What is the hundreds digit of h(w)?
4
Suppose 4*f - 2*t = 18158, 3*f + 5*t - 11099 = 2513. What is the hundreds digit of f?
5
Let i be (0 + -30)*(-45)/27. Suppose 10 = -g + 3. Let l = g + i. What is the units digit of l?
3
Let u be (-1)/(-1) + 4*1/(-4). What is the hundreds digit of 1/(-4) + u - 3774/(-24)?
1
Let d be (-5 + 5)/1 + -47. Let w = 156 - d. Let k = w - -1. What is the units digit of k?
4
Let m = -79 + 79. Suppose -g - 4*k + 578 = m, 3*g - 1551 = -k + 238. What is the units digit of g?
8
Let u = 74438 - 34143. What is the units digit of u?
5
What is the units digit of -49*(5/110 - 1756131/2002)?
0
Let l = -31992 - -66612. What is the thousands digit of l?
4
Let m(d) = -d**3 - 4*d**2 - 3*d - 10. Let w be m(-4). Suppose w*u = -u - 15, 4*z + 5*u - 759 = 0. What is the units digit of z?
6
What is the hundreds digit of 2057/1 + (20/8 - 3)*-14?
0
Let n = 7880 - -3791. What is the tens digit of n?
7
Let j(q) = -q**2 - 32*q - 8. Let w be j(-22). What is the units digit of w - (17 + -1)/4?
8
Let u = 39 - 39. Let v be 3/(-9)*4*-6. Suppose u = v*h - 10*h + 170. What is the units digit of h?
5
Let g = -128 - -262. Let y be 48/240 - (-379)/5. Let s = g + y. What is the units digit of s?
0
Let q be 3*((-8)/12 - -1) + -26. Let t(f) = -f**3 - f - 116. Let c be t(0). Let o = q - c. What is the units digit of o?
1
Suppose u = 3*u - 300. Let o = -218 + u. What is the tens digit of ((-1)/(-2) + -2)*o?
0
Let r(n) = 10*n**2 - 82*n - 276. What is the tens digit of r(-23)?
0
Let i(c) = -4*c**3 + 8*c**2 + 12*c + 38. Let y be i(-6). Let a = y + -579. What is the tens digit of a?
3
Suppose 2*z - 3*c = 6*z - 58, 4*c + 57 = 5*z. Suppose z*a + 60 = 9*a. Let i = 84 + a. What is the units digit of i?
9
Suppose -52 = -19*m - 14. Suppose 4*w + v + 3*v - 128 = 0, -m*w + 40 = -4*v. Suppose -29*d + w*d + 124 = 0. What is t